92. Let o(t) be the second derivative of 1/12*t**4 + 2/3*t**3 - 7*t + 3*t**2 + 0. Give o(j).
6
Let g be (114/14)/3 + (-2)/(-7). Let u(p) = g - 7 + 10*p**2 + 21*p**3 + 9*p + 4*p**3 - 24*p**3. Determine u(-9).
-4
Let o(c) be the second derivative of -1/6*c**3 + 0 + 95*c + 7/2*c**2. Determine o(10).
-3
Let f(x) = 116*x + 9*x**2 - 115*x - 8*x**2. Let m(z) = -7*z**2. Let v(y) = 3*f(y) - m(y). What is v(-2)?
34
Let h be (24/2)/((-12)/(-8)). Let s(b) = -3*b + 24. Let d be s(h). Let g(t) = -2*t**2 + 7*t**2 - 3*t**2 - t + 1 - t**2. Determine g(d).
1
Let o = 256 - 254. Let g(m) = -43*m**2 - 3*m + 26*m**o + 2 + 20*m**2. Give g(3).
20
Let m(a) = 17*a - 18. Let g(o) = -6*o + 8. Let v(x) = -11*g(x) - 4*m(x). What is v(-7)?
-2
Let n(q) = 7*q**2 - 22*q + 1. Let u(j) = 16*j**2 - 50*j + 3. Let m(d) = 9*n(d) - 4*u(d). Give m(2).
-3
Suppose -117*p = -29*p + 616. Let n(q) be the second derivative of -q**4/12 - 5*q**3/6 + 13*q**2/2 + 14*q. What is n(p)?
-1
Let w(u) = -u**2 - 8*u - 6. Let l = 72 - -27. Let k = -105 + l. Calculate w(k).
6
Let u(a) be the second derivative of -a**5/20 + 7*a**4/6 + 8*a**3/3 - 17*a**2/2 + 1728*a + 4. Suppose -i = -3*z + 4 + 45, 2*i = 4*z - 68. Calculate u(z).
-2
Suppose -153*d + 155*d + 100 = 0. Let k(t) = -2*t**2 - 100*t + 2. Calculate k(d).
2
Suppose -98 = -4*u - 10*u. Suppose u*y - 16*y = -63. Let n(z) = -z + 12. Determine n(y).
5
Suppose -5*g - 430 = 2*s, 2*g - 3*s = -g - 279. Let t = g - -89. Let m(b) = 2 + t + b**3 + 61*b**2 - 69*b**2. Give m(8).
3
Let t(u) be the first derivative of -u**3 - 3*u**2/2 + 9*u + 3632. What is t(3)?
-27
Let r be 2 + (-60)/28 - (-212)/14. Let o be ((-2)/(6/(-9)))/(r/10). Let d(i) = -6*i + 4 + i**3 + 14*i**o - 11*i**2 + 4*i. What is d(-3)?
10
Let r(p) be the second derivative of -p**5/20 + 2*p**4/3 - p**3 - 5*p**2 - 26*p - 6. Let v = 6 - -1. What is r(v)?
-3
Let w(s) = -3*s**2 + 142*s + 100. Let o = 17015 - 16967. Give w(o).
4
Let d(w) = -4690217*w**3 + 4690218*w**3 - 3*w**2 + 0*w**2 - 2. Calculate d(5).
48
Suppose 3*f + 62 = 2*p + 3*p, 5*f - 5*p = -90. Let i be (880/(-14))/(-5) + (-6)/f. Let t(c) = 8 + 14*c**3 + 6*c**2 - 2*c - i*c**3 - 3*c - c**2. Calculate t(-6).
2
Let d(m) = m**2 - 12. Let z(r) = -2*r + 5. Let j(l) = -d(l) - 4*z(l). What is j(5)?
7
Let v(t) = 66*t + 1526. Let y be v(-23). Let d(h) = -h**2 + 28*h - 176. Determine d(y).
-16
Let u(n) be the third derivative of 0*n + 0 - 1/60*n**5 - 36*n**2 - 1/120*n**6 - 1/2*n**3 - 1/8*n**4. What is u(-2)?
7
Let t(q) = -13*q**2 + 5*q + 20. Let n(v) = 10*v**2 - 2*v - 19. Let z(d) = 4*n(d) + 3*t(d). Calculate z(-11).
28
Let c(v) be the third derivative of 49*v**2 - 1/6*v**4 - 1/2*v**3 - 1/60*v**5 + 0 + 0*v. What is c(-3)?
0
Let x(h) = -1 - 3 - 4*h - 11 + h**2. Let z(s) = -5*s**3 - 51*s**2 - 53*s. Let j be z(-1). Calculate x(j).
6
Suppose 2*y - 5*i - 21 = 0, -5*i - 35 = -10. Let q(t) = 21*t + 60. Let v be q(y). Let a(r) = r - 21. What is a(v)?
-3
Suppose -2*m = -19*m + 1751. Let a = 102 - m. Let y(k) = -11*k**2 - 2*k - 1. Calculate y(a).
-10
Let x(v) = -16 - 15 - 21 - v + 0*v + 34. Determine x(-14).
-4
Let f = -9 - -42. Suppose 4*s - 4*r - 36 = 0, -3*s + f = -2*r + 5. Let j = -16 + s. Let d(y) = -y - 13. What is d(j)?
-7
Let c(f) = -f**3 + 3*f**2 + f - 7. Let b(y) = 2 + 91*y**3 - 47*y**3 + 1 - 45*y**3 + 5*y**2 + 6*y. Let r be b(6). Determine c(r).
-4
Let p(g) be the second derivative of g - g**2 + 1/4*g**4 - 125 - 1/2*g**3 - 1/20*g**5. Calculate p(4).
-30
Let i(r) = -4*r + 18. Let k be i(4). Let v(o) = -2*o**3 - 4*o**2 + 1 + 7*o**2 - k*o - 2*o**2 + 3*o**3. What is v(-2)?
1
Suppose -99*j + 39*j + 2280 = 0. Suppose -j = 26*v + 14. Let n(h) be the second derivative of -2*h**3/3 - 3*h**2/2 + h. Give n(v).
5
Let w(r) = r**3 + 23*r**2 + 72*r - 82. Let u be w(-19). Let j(g) = g**3 + 8*g**2 - 4*g - 98. Determine j(u).
-2
Let m(n) = 290 - 7*n + 268 - 831 - 3*n**2 + 282 + 4*n**2. Let f be 27/(-5) + (-4)/(-10). Let u = f - -11. Give m(u).
3
Let w = -608 - -735. Let z(n) = -14*n + 120 - 248 + w. Calculate z(-1).
13
Let f(y) be the first derivative of -y**2/2 - 4*y - 1858. Let g = 2 + 1. Suppose 2*m = n - 3 - 2, 3*m + 3 = g*n. Calculate f(m).
0
Let g(x) = 3*x**2 - 43*x - 71. Let c(b) = -13*b**2 + 184*b + 285. Let i(r) = -2*c(r) - 9*g(r). Give i(21).
27
Let i(a) = a**2 - 16*a - 90. Let g(k) = -4*k - 1. Let d(v) = 3*g(v) - i(v). What is d(11)?
10
Let w = -6096 - -6088. Let n(a) = 4*a + 6. What is n(w)?
-26
Let y(n) = -n**3 - 4*n**2 + 4*n + 7. Let t be -10 - 1*85/(-17). What is y(t)?
12
Let w(i) = -3*i + 16. Suppose -22*h + 70 = 224. Determine w(h).
37
Let t(q) = q**3 - 2*q**2 - 4*q + 2. Let z(y) = 2 + 3*y**2 - 3*y + 5*y**2 + 0*y**2 - 4*y**2. Let l be z(1). Give t(l).
-1
Let p(r) = -r**3 + r**2 + 16. Let t = -743 - -751. Let m(w) = -3*w + 24. Let n be m(t). What is p(n)?
16
Let v(x) = -3*x**2 + 27*x + 12. Let c be v(10). Let t(r) = r + 61. Give t(c).
43
Let b(l) = -2*l**3 - 7*l**2 + 16*l + 57. Let t be 6*(3/(-8) + (-3)/24*1). Determine b(t).
0
Let z(x) = 2*x**2 + 10*x + 14. Let m(d) = d**2 + 4*d + 7. Let k be 7*(-4)/98 - (-37)/7. Let s(h) = k*m(h) - 3*z(h). Give s(-10).
-7
Let t(l) = -8*l - 56. Let c(b) = 346*b - 2428. Let u be c(7). What is t(u)?
-8
Let p be (-29 + -5 + 1 + 2 + 0)/1. Let z(s) = -8*s - 246. Calculate z(p).
2
Let q = 3651 + -3638. Let x(p) = p**3 - 13*p**2 + 2*p - 19. Give x(q).
7
Let v(h) = -h**2 + 3*h - 3. Suppose 14 = 3*j + x, -35 = -4*j + 3*x - 38. Determine v(j).
-3
Let i(o) = 2*o**2 + 7*o + 3. Suppose b = -5*n - 13, 9 = 2*n - 5*n. Suppose 0 = -5*j - 2*g - 23, 2*j + 2 = b*g + 4. Determine i(j).
0
Let m(f) = 6*f - 214. Let r be m(36). Let u(s) = -s**2 + 2*s - 3. Let w be u(r). Let z(y) = y**3 + 3*y**2 - 3*y + 4. Calculate z(w).
13
Let a be 30/(-210)*(0 + 0). Let t(j) be the third derivative of -24*j**2 - 1/24*j**4 + 1/30*j**5 + 0 + 0*j + 1/60*j**6 + a*j**3. Determine t(-2).
-6
Suppose 64 = f + 3*d, -5*f - 4*d + 320 = d. Let z(u) = u**2 - 14*u - 19*u + f*u - 16*u - 14*u - 15. Give z(0).
-15
Let s(q) = 3*q**2 - 3*q - 3. Let g(o) = o + 6*o**2 - 14*o**2 + o**2 + 6*o**2 + 1. Let t(f) = 4*g(f) + s(f). Calculate t(3).
-5
Let u(v) = 13*v - 12. Let j(d) = 7*d - 7. Let y(q) = 18*j(q) - 8*u(q). What is y(-5)?
-140
Let b(k) = k**3 - 2*k**2 - 9*k + 6. Let x be b(4). Suppose 0 = -0*g + x*g - 8. Suppose -64 = -g*h - 84. Let p(f) = 5*f + 1. Calculate p(h).
-24
Let b(u) = u**3 - 5*u**2 - 6*u - 1. Let f be ((-3)/4)/((-9)/(-72)). Let c be (f/(-12))/((-1)/10)*-1. Suppose -j - 14 = -3*q, -j = q - 5 - c. Determine b(q).
-1
Let j(s) = 182 - 66 + 29*s**2 - 3836*s**3 + 3835*s**3 - 32*s. Give j(28).
4
Let t(k) = k**3 - 36*k**2 + 34*k + 26. Let j = -6107 + 6142. Calculate t(j).
-9
Let y(s) be the second derivative of s**4/12 - 3*s**3/2 + 3*s**2/2 + 4*s. Let h be y(8). Let r(u) be the second derivative of u**3/6 + u**2 - 189*u. Give r(h).
-3
Let m(s) = 2*s**3 + 6*s**2 + 4. Let y = -2496 + 2493. Determine m(y).
4
Let q(w) be the first derivative of w**2 + 46*w + 1025. Calculate q(17).
80
Let v(p) = 7*p - 109. Let f = 11553 + -11537. Calculate v(f).
3
Let z(o) = 4*o - 10. Let t be z(3). Suppose -26 = -3*y + 5*i, t*i + 10 = y - 0*i. Let s(q) = -y*q**3 - 7*q**3 + 6*q**3 - q**2 + 4*q**3. Give s(3).
18
Let s(n) = -12*n - 34. Let c be s(-3). Suppose v - 2 - 4 = 0. Let r(b) = c + 5*b**2 - 1 + b - v*b**2. Calculate r(1).
1
Suppose 121*c - 372 - 76 - 399 = 0. Let l(i) = 3*i - 9 + i + 4*i - i**2. Determine l(c).
-2
Let w(r) = 753 + 13*r - 26*r - 670. Give w(7).
-8
Let z(x) = -x**2 - 3*x + 5. Suppose -66*n = -67*n + 6. Let g(a) = a**3 - 7*a**2 + 6*a - 6. Let w be g(n). Give z(w).
-13
Let z(m) = -m**3 - 26*m**2 - 28*m - 72. Let v be z(-25). Suppose -5*h - 10 = -v*h. Let c(y) = y**2 + 5*y + 1. What is c(h)?
1
Let c = -10851 + 10851. Let s(p) = -2*p + 38. Calculate s(c).
38
Let g(t) = -14*t - 7. Let s be (-32)/112 + (-3 - 15/21). Determine g(s).
49
Let r(i) be the second derivative of -i**5/20 + i**4/2 + i**3/2 + 4*i**2 - 38*i + 52. What is r(6)?
26
Suppose -5*l - 42 = -4*l. Let q = l + 39. Let i(u) be the first derivative of -u**2/2 - u + 42. Calculate i(q).
2
Suppose -4*b - 4*z = -32, -10*b + 27 = -6*b + 5*z. Let h(w) = -w**2 - 4 - b + 7 + 10*w. Give h(7).
11
Let f be 2/7 + (-282)/(-42). Suppose f*q - 2*q + 2*i - 116 = 0, 5*q - 2*i = 124. Suppose -q = -8*u + 4*u. Let w(m) = m - 4. Calcula